8 a multiple of 38?
True
Is 430298337 a multiple of 1181?
False
Is 1464968046 a multiple of 2391?
False
Is 50828590 a multiple of 106?
True
Is 33 a factor of 2349574?
False
Is 30838631 a multiple of 2848?
False
Is 69055752 a multiple of 24?
True
Is 4 a factor of 11527424?
True
Is 2520471986 a multiple of 17?
True
Is 2 a factor of 1126525?
False
Is 1764035841 a multiple of 10?
False
Is 7709397 a multiple of 9?
False
Does 159 divide 184824462?
True
Does 1239 divide 76119047?
False
Is 261 a factor of 1052238726?
True
Does 27 divide 2251995118?
False
Is 5998 a factor of 1594595497?
False
Does 37 divide 37595306?
False
Is 43857330 a multiple of 383?
True
Is 11338172 a multiple of 246?
False
Does 33 divide 223397889?
True
Is 13 a factor of 47613644?
True
Does 40 divide 541171200?
True
Does 522 divide 10967742?
True
Is 362 a factor of 2671442763?
False
Is 8069025 a multiple of 5?
True
Does 38 divide 805646884?
False
Is 31916068 a multiple of 556?
True
Does 1026 divide 19279566?
True
Does 149 divide 33943690?
True
Is 24 a factor of 929118456?
True
Is 102813949 a multiple of 31?
True
Does 12 divide 979657?
False
Is 7 a factor of 190465526?
False
Is 1806 a factor of 1277894898?
True
Is 73714693 a multiple of 83?
False
Is 26849436 a multiple of 1322?
False
Is 626973273 a multiple of 1280?
False
Is 7 a factor of 47498087?
True
Is 514654639 a multiple of 208?
False
Is 507230636 a multiple of 13?
False
Is 699665572 a multiple of 15?
False
Does 30 divide 5980127424?
False
Is 245630174 a multiple of 58?
True
Is 911246072 a multiple of 7652?
True
Does 587 divide 90424415?
True
Is 6 a factor of 5008716?
True
Does 300 divide 7800250?
False
Does 13 divide 484780405?
False
Is 115 a factor of 304599465?
True
Does 13 divide 1721120197?
False
Does 181 divide 909759938?
True
Does 171 divide 33788232?
True
Does 13 divide 8609696?
False
Is 22610276 a multiple of 10?
False
Is 344 a factor of 5158701?
False
Is 67073856 a multiple of 12?
True
Is 103 a factor of 60073102?
True
Does 84 divide 69217680?
True
Does 332 divide 202073475?
False
Does 64 divide 373323456?
True
Is 135 a factor of 26791290?
True
Is 2837999440 a multiple of 80?
True
Does 221 divide 9543194?
False
Does 708 divide 74462274?
False
Is 94917023 a multiple of 145?
False
Does 240 divide 35862720?
True
Is 90 a factor of 2028420?
True
Is 295 a factor of 789964275?
True
Does 1954 divide 2161238142?
False
Does 5 divide 30242290?
True
Does 19 divide 853265319?
True
Is 437 a factor of 14879413?
True
Is 29733588 a multiple of 996?
True
Does 145 divide 99103005?
True
Does 18 divide 10501119?
False
Is 190454122 a multiple of 53?
True
Does 132 divide 5436251?
False
Does 3 divide 4005415?
False
Does 702 divide 708697435?
False
Is 52074017 a multiple of 2603?
False
Is 3 a factor of 1810584?
True
Is 1091 a factor of 3949307001?
False
Is 84 a factor of 601584?
False
Is 28 a factor of 3549837011?
False
Is 5 a factor of 906782?
False
Is 1250112 a multiple of 34?
True
Is 134 a factor of 105847267?
False
Is 6 a factor of 1666250190?
True
Does 9 divide 162787554?
True
Does 15 divide 743397090?
True
Is 101167286 a multiple of 209?
True
Is 634564296 a multiple of 9?
True
Is 16 a factor of 468896774?
False
Is 213702465 a multiple of 873?
False
Is 83 a factor of 31024547?
False
Does 136 divide 18395496?
True
Is 16 a factor of 87191328?
True
Is 3291743532 a multiple of 44?
True
Does 4338 divide 235401570?
True
Does 49 divide 11477396?
False
Does 5573 divide 870599502?
False
Is 3731 a factor of 32378023?
False
Is 18 a factor of 56899764?
True
Is 10 a factor of 6065712?
False
Does 732 divide 54927933?
False
Is 90 a factor of 1025785890?
True
Does 127 divide 105783507?
True
Does 5708 divide 806219180?
False
Is 109102294 a multiple of 11?
False
Does 25 divide 183656261?
False
Is 133761252 a multiple of 1215?
False
Does 48 divide 437822131?
False
Is 727 a factor of 2218427414?
True
Does 13 divide 1164176?
True
Is 58 a factor of 55580156?
False
Is 755 a factor of 28729260?
True
Does 26 divide 25594842?
True
Does 265 divide 978884825?
True
Is 57093781 a multiple of 3?
False
Is 1880564512 a multiple of 16?
True
Is 43013529 a multiple of 16?
False
Is 308 a factor of 17321662?
False
Does 662 divide 146824980?
True
Is 4840913737 a multiple of 9929?
True
Does 4 divide 39411348?
True
Is 210 a factor of 24864665?
False
Is 958434288 a multiple of 483?
True
Does 25 divide 1776421950?
True
Does 1812 divide 120907411?
False
Is 2220650733 a multiple of 123?
True
Is 103885392 a multiple of 1374?
True
Is 3 a factor of 391113826?
False
Is 185 a factor of 88975768?
False
Is 12709308 a multiple of 348?
True
Is 178 a factor of 5892451?
False
Is 187 a factor of 145039257?
True
Does 985 divide 307704651?
False
Does 716 divide 272815126?
False
Does 5715 divide 1042593165?
True
Does 479 divide 1061480286?
True
Is 67788760 a multiple of 104?
True
Is 21 a factor of 9745029?
True
Is 28521741 a multiple of 267?
True
Does 3 divide 613684847?
False
Is 42323761 a multiple of 418?
False
Does 2641 divide 24209430?
False
Is 16 a factor of 159580960?
True
Is 13 a factor of 571036557?
True
Does 25 divide 248414359?
False
Is 55207092 a multiple of 42?
False
Is 292001888 a multiple of 195?
False
Is 28627768 a multiple of 71?
True
Does 290 divide 252939450?
True
Does 42 divide 300718950?
True
Is 63454182 a multiple of 33?
True
Does 96 divide 121127648?
False
Is 75 a factor of 538327468?
False
Does 138 divide 4736326704?
True
Is 4770354 a multiple of 241?
True
Is 1631 a factor of 1000569570?
True
Is 467706225 a multiple of 147?
True
Is 506 a factor of 246585121?
False
Is 84354672 a multiple of 454?
False
Is 6 a factor of 39175744?
False
Does 14 divide 46884040?
True
Is 601955535 a multiple of 317?
False
Is 516967616 a multiple of 352?
True
Does 8 divide 31312988?
False
Does 2809 divide 117649347?
True
Is 2683 a factor of 2388784903?
True
Does 453 divide 35242676?
False
Is 24 a factor of 2767657104?
True
Is 43 a factor of 176853008?
False
Is 491 a factor of 210052267?
False
Is 9 a factor of 130484574?
True
Is 8784 a factor of 1996884288?
True
Does 58 divide 981753356?
True
Does 1622 divide 54989393?
False
Does 15 divide 40286893?
False
Is 17006660 a multiple of 8?
False
Is 3 a factor of 7296262?
False
Does 11 divide 1148115958?
True
Is 597 a factor of 5480213470?
False
Is 211 a factor of 215878109?
True
Is 203647839 a multiple of 1357?
False
Is 204 a factor of 12307728?
True
Is 52 a factor of 3648053084?
True
Is 1047595604 a multiple of 1490?
False
Does 2993 divide 86144526?
True
Is 6395777 a multiple of 2521?
True
Does 3 divide 1107748158?
True
Is 1762036583 a multiple of 1699?
False
Is 10641640 a multiple of 123?
False
Is 53 a factor of 3047101?
False
Is 2474 a factor of 229936034?
True
Does 25 divide 31117825?
True
Is 67 a factor of 930245018?
True
Is 18 a factor of 32301492?
False
Does 16 divide 1620401?
False
Is 1409110 a multiple of 1130?
True
Is 87 a factor of 9995343?
True
Does 5 divide 1213192553?
False
Is 4 a factor of 10532300?
True
Is 14395904 a multiple of 512?
True
Is 84 a factor of 114914500?
False
Is 73628304 a multiple of 332?
True
Is 783381000 a multiple of 40?
True
Is 1715 a factor of 7143287112?
False
Does 73 divide 776839574?
True
Does 49 divide 592949679?
False
Does 7 divide 5130007?
False
Is 26 a factor of 75439870?
False
Is 121 a factor of 9880981?
True
Is 6838 a factor of 82069676?
True
Is 248306316 a multiple of 26?
False
Is 397 a factor of 2423947417?
True
Is 95229915 a multiple of 1293?
False
Is 6440146 a multiple of 419?
False
Does 41 divide 5828109?
True
Does 1121 divide 10733495?
False
Is 40 a factor of 369883369?
False
Does 195 divide 792844233?
False
Does 733 divide 13206604?
False
Does 7 divide 6340395?
False
Does 849 divide 41988993?
True
Is 35932619 a multiple of 2?
False
Is 264107070 a multiple of 90?
True
Is 2004453899 a multiple of 156?
False
Does 2023 divide 70431158?
False
Is 838 a factor of 43054764?
True
Is 34489949 a multiple of 299?
True
Is 221 a factor of 42401902?
False
Does 64 divide 288635171?
False
Is 35 a factor of 13572510?
True
Is 139311355 a multiple of 246?
False
Does 957 divide 227349679?
False
Does 23 divide 911055279?
False
Is 9473023 a multiple of 876?
False
Is 353 a factor of 43717476?
False
Is 2863555702 a multi